 m(j). Let k be ((-80)/(-120))/(2/12). Calculate the highest common divisor of k and x.
4
Suppose -11*z + 22 = -10*z. What is the highest common divisor of z and 1782?
22
Suppose q + q + 4*p - 26 = 0, 4*p = 5*q - 107. Let j be (-2482)/17*(1 + (-1 - -1)). Let o = j - -165. Calculate the greatest common divisor of q and o.
19
Let w be ((-567)/6)/7*(-4)/6. Suppose 0 = s - 6*s + 1165. Suppose -4*m = 3*p - 115 - 59, 0 = -5*m + 4*p + s. What is the highest common factor of w and m?
9
Suppose -2*d = -41 - 19. Let k(b) = 31*b**2 + 3*b + 2. Let j be k(-1). Calculate the highest common divisor of j and d.
30
Let k = 283 - 211. Calculate the greatest common factor of k and 156.
12
Let w(n) = -n**2 + 24*n + 39. Let a be w(12). Calculate the highest common factor of a and 122.
61
Let w(q) = q**3 + 11*q**2 - 4*q - 38. Let n be w(-9). What is the highest common factor of 200 and n?
40
Suppose 134 - 472 = 2*b. Let o = 313 + b. Let p = o + -76. Calculate the greatest common divisor of 17 and p.
17
Let h(t) = 3*t**2 + 5*t + 7. Let s be h(-4). Suppose 0 = 4*v + 2*q + 5 - s, q - 9 = -v. Calculate the greatest common factor of 66 and v.
6
Let j = 1 - -1. Let a(m) = m**2 - 11*m + 30. Let r be a(5). Suppose -j*z = f - 59, r = 2*z - z - 5*f - 2. What is the highest common factor of z and 216?
27
Let h = -39 + 50. Let m(w) = w + 50. Let l be m(-6). Calculate the greatest common factor of h and l.
11
Suppose 0 = -2*q - 1 - 7. Let d(t) = -7*t**2. Let w be d(1). Let y = q - w. Calculate the greatest common factor of y and 21.
3
Let h(a) = a**3 - 8*a**2 - 40*a - 5. Let l be h(13). Calculate the greatest common factor of 10 and l.
10
Suppose -51*s = -45*s - 18. What is the greatest common factor of 5 and s?
1
Suppose 91*v - 98*v + 2541 = 0. What is the greatest common factor of v and 66?
33
Suppose 0*v = -109*v + 41856. What is the greatest common factor of 512 and v?
128
Let z be (186/(-3))/(-6 + 115/20). What is the highest common divisor of z and 62?
62
Suppose -2*g - 4*b + 26 = -g, 5*g + 4*b - 146 = 0. Let x(m) = -m**3 - 29*m**2 - 31*m - 69. Let s be x(-28). Calculate the greatest common divisor of s and g.
15
Let z = -311 + 464. Calculate the greatest common factor of z and 34.
17
Suppose -4*r + 15 = p, 7 = 4*p + 4*r - 65. Calculate the greatest common factor of 513 and p.
19
Suppose -32 - 93 = -t + 5*l, -3*t - 5*l + 335 = 0. Calculate the highest common divisor of t and 437.
23
Let h = -13 - -58. Let b be 189/(-2)*(-60)/h. What is the highest common divisor of 14 and b?
14
Let a be 3/(45/14 + -3). Suppose -4 + a = 2*c. Calculate the greatest common factor of c and 40.
5
Suppose -s - 7*x + 2*x = -10, -4*s = 4*x - 8. Let r be ((-72)/14 + s)*(-112)/24. What is the greatest common factor of 4 and r?
4
Suppose 25*l + 7*l = 224. What is the highest common factor of l and 1204?
7
Let r = -78 + 116. Let m be -3*r/4*2. Let v = m + 142. Calculate the highest common divisor of v and 17.
17
Let m(j) = -2*j**2 - 58*j - 71. Let h be m(-25). What is the highest common factor of 172 and h?
43
Let g be (-21)/(-6)*(-20)/(-7). Let s be -45*(2 - 26/g). Suppose -15 = -5*j - 0*j. Calculate the highest common divisor of j and s.
3
Let v(j) = 2*j + 32. Let c be v(-6). Let i be (-282)/(-3) - -4 - -2. What is the greatest common factor of i and c?
20
Suppose 2*v - 22*v + 3360 = 0. Calculate the greatest common divisor of 32 and v.
8
Let g be (-8)/(-6)*6/(-4). Let j be 5*g/(-30)*3. Suppose -3 - j = -l. What is the highest common divisor of l and 1?
1
Suppose 60 = 9*o + o. Let f be 74/o*18/((-6)/(-1)). Calculate the highest common divisor of f and 74.
37
Let g = 47 + -45. Suppose -12 - g = -t + 4*q, -98 = -3*t - 2*q. Let u(k) = k**2 + 3*k - 9. Let f be u(6). What is the greatest common divisor of f and t?
15
Let h = 256 - 242. What is the greatest common factor of h and 182?
14
Let g be -11 - (-11 - 4) - (0 - 220). Calculate the highest common divisor of 126 and g.
14
Let h(u) = 98*u**2 - 26*u + 25. Let n be h(5). What is the greatest common factor of n and 35?
35
Let f be ((-30)/8)/((-3)/12). Let t be 32/(-48) - (-33)/9. Suppose 3*i = -f, 4*p + i = -t*i + 64. Calculate the greatest common factor of p and 42.
21
Suppose 27 + 9 = 4*w - 4*r, r = -4. Suppose -5*d + 2*t = -35, 46 = 2*d - w*t + 11. Calculate the greatest common divisor of 45 and d.
5
Let d be ((-2)/(-6))/(6/720). What is the highest common divisor of d and 32?
8
Let x(z) = 14*z - 6. Let y be x(5). Let h = y - 57. What is the greatest common divisor of h and 7?
7
Suppose 15 = -31*d + 34*d. Suppose 0 = -5*p - 4*h - 1 - 1, -h + 7 = 5*p. Calculate the highest common divisor of p and d.
1
Let s = 1464 - 1113. Calculate the greatest common factor of 39 and s.
39
Let u(f) = 4*f - 10. Suppose 0 = -5*q + 3*x + 35, -4*x - x - 25 = 0. Let s be u(q). What is the highest common divisor of 27 and s?
3
Suppose -9*r - 2*r + 308 = 0. Let y be 3 - (-3 - -2*1). Suppose -y*p + 2*p + 28 = 0. What is the greatest common divisor of r and p?
14
Let o(h) = h**3 + 12*h**2 - 17*h - 25. Let j = 45 + -58. Let w be o(j). Calculate the highest common divisor of w and 216.
27
Suppose 20*x = 22*x - 260. What is the greatest common factor of 40 and x?
10
Let d be ((-182)/35 - -4)*-270. What is the highest common divisor of 12 and d?
12
Let d = -47 - -48. Suppose -2*f + d = 3*u - 16, f = u + 11. Calculate the greatest common divisor of f and 20.
10
Suppose 17*n = 8*n + 11286. What is the greatest common divisor of n and 44?
22
Let s = -14 - -50. Let x be 426/s - 1/(-6). Let u = 1 + x. Calculate the greatest common factor of u and 91.
13
Let q = -43 + 124. Calculate the greatest common factor of q and 18.
9
Let h = 3744 + -1685. Calculate the greatest common divisor of 58 and h.
29
Suppose 3*h + 4*t = 452, 27 = -5*t + 7. What is the highest common divisor of 12 and h?
12
Let z(s) = -26*s - 108. Let b be z(-6). Let m = -37 - -69. What is the highest common factor of m and b?
16
Let p(i) = -i**3 - i**2 + 3*i + 4. Let n be p(0). Calculate the greatest common divisor of 1 and n.
1
Let z = 600 - 594. Suppose -450 = -4*i - 3*r, -r = -5*i - 2*r + 568. What is the greatest common factor of z and i?
6
Let x(f) = -3*f**2 - 17*f + 2 + f**3 + 9*f**2 + 0*f**2. Let v be x(-8). Suppose -5*y + 7 = -118. Calculate the highest common divisor of v and y.
5
Suppose -o + 710 = 11*o - 2*x, o + 4*x = 80. What is the highest common factor of o and 510?
30
Suppose -2*k + 1320 = 4*k. Suppose -6*l + 8*l + k = 4*p, -5*p - 2*l = -293. Calculate the greatest common factor of p and 76.
19
Let l(c) = 11*c**2 - 7*c + 18. Let n be l(2). Let y = 41 - 29. Calculate the greatest common divisor of y and n.
12
Suppose 2*m - 16 = -2*k, 34 = 4*k + 3*m + 2*m. Suppose 29 = 5*t + 4*r, -r - 3 = -2*t + k. What is the highest common factor of t and 25?
5
Suppose -83*d + 987 = -76*d. Calculate the highest common divisor of 1175 and d.
47
Let r be (-545 + 5)*(-6)/9. Calculate the greatest common divisor of 15 and r.
15
Let x(u) = u + 18. Let n be x(-11). Suppose 5*z = -3*t + 36, -3 = -5*t + n. Calculate the highest common divisor of z and 6.
6
Let q be -4*(-1)/2 - -9. Suppose 2*b - q = -l, l = 2*b + 3*l - 10. Let j(k) = 15*k + 3. Let r be j(b). What is the greatest common divisor of 62 and r?
31
Let p(y) = y**3 - 5*y**2 - 5. Let g be p(6). Let q = g + 107. Suppose 3*i = f - 65, -5*i - 363 = -4*f - q. What is the greatest common divisor of 20 and f?
10
Suppose -3*a = -8*a + 530. Suppose 6 + a = 7*z. Calculate the greatest common divisor of z and 144.
16
Let x = -372 - -435. What is the greatest common factor of 21 and x?
21
Let n be (6 - -3 - -1)/(-2). Let b(v) = v**3 + 6*v**2 + 5*v - 4. Let a be b(n). Let i be (-14)/a - 2/4. Calculate the greatest common divisor of i and 33.
3
Let c = -116 + 117. Suppose 40 = 5*i + 5*b, -2*i - c = b - 22. Calculate the highest common divisor of 13 and i.
13
Let c be 1*12*(2 - 9/6). Suppose -5*w = 3*q - 5 - 25, -5*q - c = -w. Let o be 2 + 1/2*20. Calculate the highest common factor of o and w.
6
Suppose -3*p - 15 + 42 = 0. Let k be (556/56 - -14) + (-3)/(-42). What is the greatest common factor of p and k?
3
Suppose p = 6*p + 25. Let r be (1 + p)*3/(-6). Calculate the greatest common factor of 22 and r.
2
Suppose 0*c - 20*c = -17420. Calculate the highest common factor of 67 and